 divided by 8661.
4295
What is the remainder when 341387 is divided by 48744?
179
What is the remainder when 33380 is divided by 3044?
2940
Calculate the remainder when 29139 is divided by 1584.
627
Calculate the remainder when 198578 is divided by 3276.
2018
What is the remainder when 280567 is divided by 46761?
1
What is the remainder when 20614 is divided by 202?
10
Calculate the remainder when 17051632 is divided by 143291.
3
Calculate the remainder when 4659156 is divided by 1701.
117
What is the remainder when 27604 is divided by 3743?
1403
Calculate the remainder when 314209 is divided by 3785.
54
Calculate the remainder when 242520389 is divided by 15.
14
What is the remainder when 23476378 is divided by 195?
133
What is the remainder when 8143457 is divided by 122?
79
What is the remainder when 379523848 is divided by 7?
4
What is the remainder when 11218507 is divided by 9972?
7
Calculate the remainder when 10544876 is divided by 16.
12
What is the remainder when 20035139 is divided by 1051?
977
What is the remainder when 723884 is divided by 361934?
16
Calculate the remainder when 95759 is divided by 23937.
11
Calculate the remainder when 271509 is divided by 135607.
295
Calculate the remainder when 49058897 is divided by 122037.
23
Calculate the remainder when 2737645 is divided by 440.
405
Calculate the remainder when 17324082 is divided by 1592.
1530
What is the remainder when 136228875 is divided by 7169940?
15
What is the remainder when 16337 is divided by 6450?
3437
Calculate the remainder when 66867 is divided by 33432.
3
Calculate the remainder when 357646413 is divided by 145.
143
Calculate the remainder when 1362994 is divided by 5775.
94
What is the remainder when 746 is divided by 461?
285
Calculate the remainder when 3746875 is divided by 416313.
58
What is the remainder when 24111239 is divided by 27?
23
What is the remainder when 1588261 is divided by 2209?
2199
Calculate the remainder when 3590626 is divided by 326419.
17
What is the remainder when 1558474 is divided by 1745?
189
Calculate the remainder when 1896577 is divided by 136.
57
Calculate the remainder when 374189 is divided by 1079.
855
Calculate the remainder when 1731094 is divided by 69237.
169
Calculate the remainder when 1109756 is divided by 123305.
11
What is the remainder when 25607121 is divided by 10?
1
What is the remainder when 122989 is divided by 1892?
9
What is the remainder when 36628 is divided by 17890?
848
Calculate the remainder when 1111983 is divided by 938.
453
Calculate the remainder when 6436 is divided by 3924.
2512
Calculate the remainder when 42024 is divided by 20856.
312
What is the remainder when 86238274 is divided by 78?
70
What is the remainder when 1065307 is divided by 137?
132
Calculate the remainder when 1246159 is divided by 305.
234
What is the remainder when 9762500 is divided by 731?
726
What is the remainder when 24362 is divided by 11997?
368
What is the remainder when 291894358 is divided by 40?
38
Calculate the remainder when 54087 is divided by 2872.
2391
What is the remainder when 280347 is divided by 200?
147
What is the remainder when 165897894 is divided by 90260?
14
What is the remainder when 72485458 is divided by 90?
88
What is the remainder when 90912155 is divided by 8777?
8766
What is the remainder when 1211851 is divided by 12890?
191
Calculate the remainder when 43857567 is divided by 504.
495
What is the remainder when 4469369 is divided by 4386?
35
What is the remainder when 34417 is divided by 34394?
23
What is the remainder when 631296 is divided by 3050?
2996
What is the remainder when 7425312 is divided by 297012?
12
Calculate the remainder when 369539597 is divided by 123.
119
Calculate the remainder when 5607502 is divided by 336.
334
What is the remainder when 98016 is divided by 473?
105
What is the remainder when 741962 is divided by 966?
74
What is the remainder when 1572237 is divided by 4852?
189
Calculate the remainder when 3746488 is divided by 7855.
7508
Calculate the remainder when 1120104 is divided by 1246.
1196
What is the remainder when 1554183 is divided by 306?
9
What is the remainder when 518688 is divided by 2285?
2278
What is the remainder when 15562477 is divided by 11?
7
What is the remainder when 54821 is divided by 12822?
3533
What is the remainder when 6764725 is divided by 11?
0
Calculate the remainder when 9182 is divided by 3609.
1964
Calculate the remainder when 60124 is divided by 19764.
832
What is the remainder when 21182923 is divided by 4188?
19
Calculate the remainder when 571274 is divided by 8156.
354
Calculate the remainder when 268113 is divided by 7244.
85
Calculate the remainder when 105010 is divided by 13124.
18
Calculate the remainder when 443773 is divided by 473.
99
Calculate the remainder when 9970436 is divided by 119.
21
Calculate the remainder when 6411016 is divided by 115.
111
Calculate the remainder when 1848918 is divided by 7802.
7646
Calculate the remainder when 743783 is divided by 30921.
1679
What is the remainder when 111900678 is divided by 6071?
6
What is the remainder when 149331 is divided by 545?
1
Calculate the remainder when 1227284 is divided by 409092.
8
Calculate the remainder when 1108560 is divided by 359.
327
What is the remainder when 2257118 is divided by 708?
14
What is the remainder when 84015 is divided by 13971?
189
What is the remainder when 2073008 is divided by 34550?
8
What is the remainder when 408195 is divided by 401?
378
What is the remainder when 167886 is divided by 82519?
2848
What is the remainder when 858502 is divided by 35769?
46
Calculate the remainder when 1062741 is divided by 3373.
246
What is the remainder when 101790 is divided by 100573?
1217
What is the remainder when 52888324 is divided by 125?
74
What is the remainder when 23907 is divided by 4297?
2422
Calculate the remainder when 1209979 is divided by 5821.
5032
Calculate the remainder when 852432 is divided by 8698.
28
Calculate the remainder when 66185 is divided by 1333.
868
Calculate the remainder when 45018 is divided by 4061.
347
Calculate the remainder when 10340048 is divided by 15051.
11
Calculate the remainder when 79664 is divided by 2275.
39
Calculate the remainder when 581162 is divided by 80.
42
Calculate the remainder when 13859 is divided by 28.
27
Calculate the remainder when 2331077 is divided by 97127.
29
Calculate the remainder when 34999 is divided by 17324.
351
What is the remainder when 11341 is divided by 2844?
2809
Calculate the remainder when 7838 is divided by 3860.
118
What is the remainder when 194008331 is divided by 255?
251
Calculate the remainder when 8162707 is divided by 32263.
168
What is the remainder when 5781498 is divided by 1?
0
Calculate the remainder when 231985 is divided by 75.
10
Calculate the remainder when 32351623 is divided by 2488586.
5
What is the remainder when 7667998 is divided by 2555956?
130
Calculate the remainder when 9315229 is divided by 133.
42
Calculate the remainder when 157478372 is divided by 22496909.
9
Calculate the remainder when 36552480 is divided by 107.
103
What is the remainder when 1778133 is divided by 2551?
86
Calculate the remainder when 445919363 is divided by 4430.
4423
What is the remainder when 1809764 is divided by 150785?
344
What is the remainder when 704975 is divided by 64087?
18
What is the remainder when 125013856 is divided by 2276?
4
What is the remainder when 1696518 is divided by 10?
8
Calculate the remainder when 58113819 is divided by 118.
117
What is the remainder when 84356 is divided by 1492?
804
Calculate the remainder when 396812 is divided by 1837.
20
What is the remainder when 24453118 is divided by 7047?
28
What is the remainder when 1859852 is divided by 84484?
1204
What is the remainder when 99492 is divided by 32971?
579
What is the remainder when 107556 is divided by 91218?
16338
What is the remainder when 326352 is divided by 163159?
34
Calculate the remainder when 942762 is divided by 188538.
72
What is the remainder when 11630923 is divided by 1692?
115
Calculate the remainder when 1821474 is divided by 1218.
564
What is the remainder when 3581294 is divided by 15?
14
Calculate the remainder when 15099076 is divided by 154.
14